**2 + 1. Let l be u(x). Suppose 0 = -4*m + 5*o + 316, -3*m + 237 = -o + l*o. Is m a composite number?
False
Suppose 2*i + c = -c + 12, 4 = c. Let o be 3 + (4/i - 0). Suppose -o*h - 1035 = -3110. Is h composite?
True
Suppose 0 = 4*x - 505 - 939. Suppose -517 = -z + 3*f, 2*z = -z - 2*f + 1562. Let q = z - x. Is q composite?
True
Is 21682 + -143 + 10/(-1) a composite number?
False
Let x(a) = a - 2. Let w be x(6). Suppose 5*o + 4*c = 649, 2*c = 2*o - 2*c - 282. Suppose 3*k + 2*v - w*v = o, k - 5*v - 27 = 0. Is k composite?
False
Let v(z) be the third derivative of z**6/120 + 11*z**5/60 - z**4/2 + 13*z**3/6 + 5*z**2. Is v(-11) composite?
True
Suppose -4*g - 2*s = -115444, -29*g + s + 86588 = -26*g. Is g a prime number?
False
Let z be (-99)/(-6)*(-76)/(-3). Suppose 579 = -7*k - 86. Let x = k + z. Is x a prime number?
False
Suppose m = 5*l - 17974, -2102 = -l - m + 1494. Is l a prime number?
False
Suppose -4*q + 266 = -94. Let t = q - -101. Is t a composite number?
False
Suppose 0 = m - 4*m + 2361. Is m prime?
True
Suppose -13*k = -9*k - 88. Is 188*k/24*3 prime?
False
Let b = 326 + 483. Is b prime?
True
Suppose 2*y + u = 8023, -7*y = -10*y - 4*u + 12047. Is y a composite number?
True
Let b be 2/1*14/(-4). Let f(s) be the first derivative of -6*s**2 + 5*s - 48. Is f(b) a composite number?
False
Suppose 2*p + 4 = 0, 5*r - 4*r = -3*p - 3. Let d be 18/r*(-47)/3. Let t = 359 + d. Is t a prime number?
False
Suppose -5*g = 5*p - 103070, -p + 20605 = g - 3*p. Is g composite?
False
Suppose 3*f = -4*z + 1, -2*z + 3*f = -0*z - 5. Let w be (3 - (-10)/z) + 3. Is w/(-20) - (-898)/10 prime?
True
Suppose 0 = c + c - 2*t + 12, 3*c + 28 = -2*t. Let d be 1/c*-4*6. Suppose 7*p = d*p + 236. Is p a composite number?
False
Let k(m) = 2*m + 2 + 3*m + m**2 - 2*m. Let l be k(-5). Suppose -l = 3*b - 243. Is b a prime number?
False
Let j = -2630 - -4267. Is j a prime number?
True
Suppose 2*i = 3*j + 5741, -4*i - j + 11486 = -3*j. Let h = i + -1433. Is h composite?
False
Let s be 3/(-9) + ((-1353548)/6)/(-7). Suppose 15*m = 2*m + s. Is m a prime number?
False
Let s be 3/6*6232/4. Is 18/(-36) - (s/2)/(-1) prime?
True
Let w = -2636 + 4929. Is w a prime number?
True
Let j = 11 + -15. Let y be (-705)/(-10)*j/6. Let o = 132 + y. Is o prime?
False
Let x = 5 + -3. Let s be 14*x/8*-2. Let i(q) = -q**3 - 2*q**2 - 4*q - 8. Is i(s) a composite number?
True
Suppose -3*n + 15 = -0*n. Let p(m) = 16*m**3 + 12*m**2 - m + 7. Is p(n) a composite number?
True
Suppose -1449 = 2*g - 6295. Is g a prime number?
True
Suppose 5*z = -3*v + 34 - 1120, z = -v - 364. Suppose -2*p + 6 = 0, 2*g + 1164 + 226 = -2*p. Let k = v - g. Is k prime?
True
Let w = -31 + 51. Let o = w + -20. Suppose o = -4*h + 5*q + 996, 1 - 13 = -3*q. Is h prime?
False
Let c(u) = 43*u**2 - 26*u + 3. Is c(4) a prime number?
True
Suppose -25362 = -w - 5*w. Suppose -3*n = -0*n - w. Is n a composite number?
False
Let a be -1*-4*3/2. Suppose -a*i - 1636 = -10*i. Is i a prime number?
True
Let t(o) = -99952*o**3 - o**2 + 4*o + 4. Is t(-1) a composite number?
True
Let c(y) = 3020*y**3 + 6*y**2 - 20*y + 15. Is c(2) prime?
False
Suppose 0 = -j + 2*j - 4. Let v(z) = 2 - j*z**2 + 2*z**2 + 2*z - 4*z**2 + 6*z**3. Is v(4) a prime number?
False
Suppose 4*g - 935 = -5*z, 3*g = -g + 2*z + 942. Let d = 1 + -1. Suppose d = -8*y + 3*y + g. Is y prime?
True
Let r = 136 + -136. Suppose 10*i - 5410 = -r*i. Is i a composite number?
False
Suppose -5*n - j + 48 = 0, 3*n + j = 40 - 10. Is 4533/12 - n/12 prime?
False
Suppose 17*o - 79 = 1230. Let z = o - 58. Is z a composite number?
False
Let y(w) = 5*w**2 - 6*w + 17. Let f be y(5). Suppose -73 = -5*t + f. Is t prime?
True
Suppose 0 = -4*x + 3*x + 18906. Suppose -6*g + 5508 = x. Is g/(-2) + (-15)/10 prime?
False
Is 4714 - (-4 - 8/(48/(-42))) a composite number?
True
Let i = -1187 + 2226. Is i composite?
False
Let w(x) = 37*x**2 - 7*x + 25. Let t be w(10). Suppose 18*u - 13*u = t. Is u prime?
False
Let p be 147/51 - 2/(-17). Let r(o) = -6*o - 4*o**p - 6*o**2 + 2 + 5*o**3 + 6*o**2. Is r(5) prime?
True
Is (-101646)/(-14) - (-148)/259 composite?
True
Suppose 0 = 8*a - 5*a + 24. Let q be 354/(-8)*(0 + a). Suppose -q = -5*o + 236. Is o a composite number?
True
Let d(o) = 2*o + 2. Let a be d(6). Suppose -a = -2*j - 5*p, -3*p + 8*p - 6 = 2*j. Suppose 5*y - 302 = m + j*m, -78 = -y + 5*m. Is y prime?
False
Let b(v) = 5*v**2 - 11. Suppose 2*p = -2*p - 5*d + 77, -3*p + 2*d + 52 = 0. Let g(r) = -r**2 + 19*r - 24. Let k be g(p). Is b(k) a composite number?
True
Let s(x) = x**3 + 19*x**2 + 18*x + 31. Is s(-9) prime?
False
Let p(b) = b**2 - 5*b + 1. Let d be p(6). Let l(o) = d - 30*o - 2 + 1 + 5*o. Is l(-5) prime?
True
Let g(x) = x + 6. Let b be g(-8). Let d(w) = 51*w**2 + 1. Is d(b) composite?
True
Let p = 1073 + -1038. Is p a prime number?
False
Suppose 0 = 4*v - 113 + 29. Suppose 0 = -5*x - 5*w + 795, 0 = 2*x - 5*w - 283 - v. Is x a prime number?
True
Suppose 0 = 5*m + 12 - 22. Suppose 2*s + 3418 = 2*l, -4*s - 1709 = -l - m*s. Is l prime?
True
Let q(r) = 98*r**2 + 4*r + 5. Is q(-8) a prime number?
False
Suppose 4*q - 30 = q. Suppose q + 0 = -5*u. Is 195 - 4/(-2)*u composite?
False
Let l be 312 - (3 - 2 - 2). Let r be (-20)/(-6) + 3/(-9). Suppose 0 = r*n - 44 - l. Is n a composite number?
True
Suppose 2*w = -2*m + 15976, 4*m + w - 42168 = -10210. Is (0 - m/(-5))/((-2)/(-1)) a prime number?
False
Suppose -3*u + 4*s + 40 = -s, 5*s = -4*u - 5. Suppose 2*y + t + 2*t - 859 = 0, -u*t = -2*y + 835. Suppose 8*d = 3*d + y. Is d a prime number?
False
Let q = -31 + 180. Let g = 306 - q. Is g prime?
True
Suppose 5*l + 2*x + 13 = 3, -4*x = 20. Suppose 5*o + 3*a = -a + 9679, -4*o + 2*a + 7764 = l. Is o prime?
False
Suppose 0 = 28*o - 35*o + 45731. Is o a composite number?
True
Let j be (36370/(-15))/(4/6). Let y = 2473 + j. Let g = -661 - y. Is g prime?
True
Suppose 210*p - 6463 = -d + 208*p, 2*p + 32351 = 5*d. Is d composite?
False
Suppose 2687795 = 41*s + 506062. Is s a composite number?
True
Suppose -261 - 129 = -5*r. Suppose 3*m = m + r. Is 46*m*1/6 composite?
True
Let z(f) = 68*f**2 - 17*f + 58. Is z(7) prime?
True
Let h(j) = -j**3 - 11*j**2 + 12*j + 5. Let i be h(-12). Suppose -2*p = -3*p - i, -2*p = 2*q - 1936. Is q prime?
False
Let l(b) = 287*b**3 + b**2 + 4*b - 3. Suppose 0 = 2*j + 7*j - 18. Is l(j) prime?
False
Let u = -16 + -14. Let s = 35 + u. Suppose -s*v + 3*v = -118. Is v a composite number?
False
Let b(k) = -45*k - 2. Suppose 0 = -2*s + 6, 4*a - a + 4*s = -33. Is b(a) prime?
True
Suppose 539 = 10*s - 17*s. Let g = -52 + 102. Let j = g - s. Is j composite?
False
Suppose -9 = -b - z, 0 = -2*b + 4*b - 3*z + 7. Suppose -y - 4*s = 19, b*y + s + 69 - 8 = 0. Let x = y + 82. Is x prime?
True
Let d = -48 - 101. Let h = d + 480. Is h prime?
True
Suppose 0 = -59*o + 66*o - 108619. Is o a prime number?
False
Let l(w) = w**3 - 5*w**2 - 15*w + 7. Let p be l(7). Is 5 + 709 + -1 + p prime?
False
Suppose 0 = -31*r + 27*r + 38020. Is r a composite number?
True
Suppose -6*m = 4*m + 49940. Let k = 7143 + m. Is k composite?
True
Let g(k) = 47*k**2 + 26*k - 52. Is g(-31) a prime number?
False
Suppose -q = 2*c + 2*q + 1, 5*c + q = 17. Suppose -3*x = -9*b + c*b + 1247, 3*b = -4*x + 725. Is b a prime number?
False
Let q(h) = h**3 - 8*h**2 + 10*h - 2. Let s be q(8). Suppose -5*l + s = l. Is l composite?
False
Suppose -5*h + 4*w + 85 = w, -h = 2*w - 30. Let x(f) = 17 + h*f + 18*f - 5*f - 7*f. Is x(15) composite?
True
Suppose 4*q + 5*m = 3*q + 15, -3 = 2*q - m. Suppose f = -2*f - 5*g + 2399, q = -4*f + g + 3191. Let r = f + -551. Is r a prime number?
False
Suppose 500*b = 498*b + 28214. Is b a composite number?
False
Suppose 4*a + 4 = -3*l, 2*a - 3*l + 2 = 18. Is 14/63 + (2698/9 - a) a prime number?
False
Suppose -3814 = -t + 6*y - 3*y, -4*t + 2*y + 15226 = 0. Is t a composite number?
True
Let c(a) = -a**3 - 4*a**2 + 14*a - 16. Let s be c(6). Suppose 3*r + j + 1542 = 0, 0*j - 5*j - 2045 = 4*r. Let z = s - r. Is z a composite number?
False
Let j(y) = -95*y**3 + 6*y**2 - 2*y - 11. Is j(-4) a prime number?
True
Is 468926/18 - (-152)/(-342) composite?
True
Suppose -2*k - 5*x - 5863 = -5*k, 4*x + 9789 = 5*k. Is k a prime number?
False
Let i = 37 + -21. Suppose -i*g + 12*g = -3676. Is g a prime number?
True
Let c(q) = 1 + 1 - 3 + 75*q. Is c(9) composite?